he units digit of k?
5
Suppose 2*v - 28 = -2. Let h = 27 - v. What is the units digit of h?
4
Suppose -5*m - l + 126 - 26 = 0, -3*l - 4 = -m. What is the units digit of m?
9
Suppose 0 = -5*z + 10, 4*z + 585 + 612 = 5*o. What is the tens digit of o?
4
Let o(k) = k**2 + 8*k - 2. Let c be o(-8). Let s = 7 + c. What is the units digit of s?
5
Let p(u) = 6*u**2 - 4*u - 17. What is the units digit of p(-3)?
9
Let v = 10 + -8. What is the units digit of 27 - (v/(-1) - -5)?
4
Suppose 2*s + 11 = a, 5 + 18 = -2*a - 5*s. Suppose -w + 3 = a. Suppose w*d + 3*d = 25. What is the units digit of d?
5
Let a(h) = 4*h**2 - h + 2. What is the units digit of a(3)?
5
Let j(h) = h**2 + 7*h - 10. Let d be j(-8). Let n = 6 + d. Let v = 10 - n. What is the units digit of v?
6
Suppose 5*d - 3*d - 40 = 0. Let z = d + -5. What is the units digit of ((-1)/3)/((-5)/z)?
1
Let n = -16 - -21. Suppose 4*m = n*r + m - 85, 0 = 4*r + 3*m - 68. What is the units digit of r?
7
Suppose 0 = -9*v + 4*v + 45. Let g = -5 + 8. Suppose g*k + v = 27. What is the units digit of k?
6
Suppose -6*x - 2*w = -9*x + 1134, -x - 4*w + 378 = 0. What is the hundreds digit of x?
3
Suppose -5*x = -0*x - 10. Let p = 6 + x. What is the units digit of p?
8
Suppose 6*n - 50 = 22. What is the units digit of n?
2
Let h(j) = 2*j**2 + 5. What is the units digit of h(0)?
5
Let r(v) be the third derivative of -v**7/5040 + v**6/720 + v**5/20 + v**2. Let g(w) be the third derivative of r(w). What is the units digit of g(-5)?
6
Let y(p) = -13 - 22*p + 4 + 4 + 6. What is the tens digit of y(-1)?
2
Suppose 37 = 3*d - 4*k, -20 = -4*d + 3*k - 5*k. Let s(n) = -n**2 + 10*n + 1. What is the tens digit of s(d)?
2
Let r = 0 - 0. Let b be 1*(0 - -4 - r). Suppose b*o - 5 = 7. What is the units digit of o?
3
Suppose -2*u = -5*u + 57. What is the tens digit of u?
1
Let n(k) = -4*k + 4. Let q be (-6 - -1)*(-3)/(-5). What is the tens digit of n(q)?
1
Let i be 3/((-9)/(-42)) + 2. Let a = -9 + i. What is the units digit of a?
7
Suppose 0 = 2*w - 5 - 1. What is the units digit of (w - 52/(-4)) + 3?
9
Let v = -66 - -32. Let c = v + 63. Suppose -3*z + c = -7. What is the tens digit of z?
1
Suppose 3*s + 0*m + 8 = -2*m, -s + m = 11. Let y(z) be the third derivative of -z**4/24 - z**3/3 - 5*z**2. What is the units digit of y(s)?
4
Let g = 161 - 89. What is the tens digit of g?
7
Suppose -5*h + 1456 = 3*h. What is the hundreds digit of h?
1
Let z = 60 + -41. What is the units digit of z?
9
Suppose -5*u = -0*u - 15. What is the tens digit of (u - 5)/((-4)/30)?
1
Suppose -5*x - 15 = -2*x. Let t = 7 + x. What is the units digit of (t - 3)/((-1)/9)?
9
Let n = 2 + 2. Suppose -n*v = v + 45. What is the tens digit of (-36)/(-10)*(v + 14)?
1
Let u(q) = q**3 + 4*q**2 - 4. Let t be u(-3). Suppose 0*h - 40 = -t*h. What is the units digit of h?
8
Let w = -46 - -11. Let t = w - -75. Suppose -t = -7*y + 2*y. What is the units digit of y?
8
Suppose 5*t + 5*o - 216 - 34 = 0, 2*t - 5*o = 107. What is the units digit of t?
1
Suppose 2*y - s + 14 = s, -5*y + 2*s = 35. Let z(m) = -m**2 - 8*m - 2. Let v be z(y). Suppose x - v*x = -36. What is the units digit of x?
9
Suppose -9*l + 24 = -3. What is the units digit of l?
3
Suppose 156 = -3*o + 378. What is the tens digit of o?
7
Suppose q = 2*q - 1. Suppose 2*j - q - 3 = 0. Let x(f) = f**2 + f + 1. What is the units digit of x(j)?
7
Let v = 2 + 2. Suppose v*k - 21 = 7. What is the units digit of (-2)/k + 148/28?
5
What is the units digit of (-1 - -59)*1/2?
9
Let g(v) = 0*v + 12*v - 5*v**2 + 0*v**2 - 5 + 6*v**2. What is the units digit of g(-13)?
8
Let j(y) = y**2 + 6*y + 21. What is the units digit of j(-10)?
1
Let g = 31 + -22. Suppose 0 = -2*l - l + g. Let a = l + -2. What is the units digit of a?
1
Suppose 2*n + 27 = 2*b - 3*n, 4*b + 2*n + 6 = 0. Suppose j - b - 12 = 0. What is the units digit of j?
3
Let o = -1 + 1. Suppose -5*h - 161 = -3*b, o = -2*b - 0*h - 4*h + 122. Suppose l = 2*l - 5*c - 33, -5*c + b = 4*l. What is the tens digit of l?
1
Suppose 0 = -5*b + f + 4*f - 30, 5*b - 4*f + 25 = 0. Let q = -7 + 10. Let n = b + q. What is the units digit of n?
2
Suppose -9*i + 510 = -930. What is the hundreds digit of i?
1
Let h(g) be the second derivative of 5*g**3/6 + g**2/2 + g. Let m = 0 - -1. What is the units digit of h(m)?
6
What is the units digit of (4/(-3))/(-3 - 1436/(-480))?
0
Let w be 1*5 + 4/(-4). Suppose i + 0*n + 3*n = w, -24 = -3*i + 3*n. Let j = 12 - i. What is the units digit of j?
5
Suppose 3*h + 25 = 8*h. Suppose h*c = -5*x + 250, x = -x + 8. What is the units digit of c?
6
Let f(d) = -d**3 - 4*d**2 + d. Let r be f(-3). Let k = r + 19. Suppose 4*i + 66 = k*i. What is the units digit of i?
2
Let b = 2 + -2. Suppose -c = c - h - 26, c + 4*h + 5 = b. Let s = c + -6. What is the units digit of s?
5
Suppose 5*b + 0*b - 5 = 0. What is the units digit of 10/b - (5 - 6)?
1
Suppose 4*z - 8 = 2*z. Suppose -z*k = k - 135. What is the units digit of k?
7
Let a be 2/(9/12 - 1). Let n(s) be the first derivative of s**3/3 + 4*s**2 + 4*s + 3. What is the units digit of n(a)?
4
Suppose -2 = -2*z - 0. Suppose i + 3*i - 52 = -4*k, 0 = -4*i - k + 40. Let c = i - z. What is the units digit of c?
8
Let r = 1 - 1. Suppose 2*v = -4*z - 44, 0 = -r*z + 5*z. What is the units digit of (-4)/v - 384/(-66)?
6
Suppose 2*k = 4*k - 6. Suppose -13 = -2*t + w, -t - 19 = -k*t + 3*w. Suppose -2*c + t + 5 = 0. What is the units digit of c?
5
Let b = -3 + -1. Let u be (b - -2*1) + -7. What is the units digit of -14*(u/6)/3?
7
Suppose -m = -5*c - 23, 0 = 4*m + c + 5 + 8. What is the tens digit of (-3 - (2 + m)) + 16?
1
Let i be 1/(1*1/7). Let x(p) = 5*p + 3*p - p**3 - p + 6*p**2 + 2 + 0*p**3. What is the units digit of x(i)?
2
Suppose 0 = 35*y - 30*y - 780. What is the hundreds digit of y?
1
Suppose -3*w = -8 - 10. Suppose d - w = -2. What is the units digit of d?
4
Suppose -4*s = 4, -2*j = j + 3*s - 204. What is the tens digit of j?
6
Let x = 8 + -4. Let h be (1 + 0)/((-1)/(-5)). Suppose h*n + x*m = 49, -3*n + m + 17 = -2*n. What is the units digit of n?
3
Let x = 9 - 7. Let z(q) be the third derivative of q**5/30 - q**4/12 + q**3/2 - q**2. What is the units digit of z(x)?
7
Suppose 250 = -2*q + 4*q. Suppose 0 = 6*b + 11 - q. What is the units digit of b?
9
Let y(w) = w + 1. Let g be y(5). Suppose -q + 4*q + 12 = 0. Let d = g + q. What is the units digit of d?
2
Let i(c) = c**2 + 5*c + 2. Let h be i(-5). Suppose -5*v + h*z = z - 16, 2*z + 5 = v. What is the units digit of v?
3
Let n = 24 + -14. Suppose -58 = -4*h - 5*r, -4*r = h - 10 - n. What is the units digit of h?
2
Let a(n) = n**3 - 5*n**2 + n + 5. Let v be a(4). Let w = v + 10. Suppose w*l = -g, -3*g + 12 = -l + 4*l. What is the units digit of g?
6
Let f be (-10)/15 - (-4)/6. Let m(q) = -q + 10. Let c be m(f). Suppose -j - 2 = v, 2*v = j - v - c. What is the units digit of j?
1
Suppose -5*t - 3*k + 5 = -4*k, -4*t = 3*k + 15. Let u be (9/4 - 3)*-40. Suppose 4*o - 2*o - u = t. What is the tens digit of o?
1
Let f = 1 - -5. Suppose 2*a = -4*c + 4*a + 16, -f = -5*c - a. Suppose 4*d = 5*s - 16, c*s + 2 - 10 = 0. What is the units digit of d?
1
Suppose -l = 1 - 2. What is the tens digit of -3 + (2 - l) - -27?
2
Let s be ((-12)/16)/((-3)/12). Suppose z + 21 = s*x + 4*z, -3*z + 41 = 5*x. What is the tens digit of x?
1
Let n = 11 - 7. Suppose u = n*r + 3*u - 4, -u = 4. What is the units digit of r?
3
Let n(c) = -c**2 - 7*c + 4. Let t(h) = -2*h**2 + 3*h + 3. Suppose 7*w = 2*w + 4*k + 3, -2*w + 3*k = 3. Let l be t(w). What is the units digit of n(l)?
0
Suppose -67 = -5*y + 83. What is the tens digit of y?
3
Let t = 2 - -4. Suppose -t*u + u = -3*d - 199, -4*d - 115 = -3*u. What is the tens digit of u?
4
Let k be 50/3 - (-6)/18. Suppose -2*v = -v - k. What is the units digit of v/(2 - 2/2)?
7
Let a(q) = q**3 + 5*q**2 + 2*q + 6. Let m = -7 + 2. Let o be a(m). Let i = o + 11. What is the units digit of i?
7
What is the hundreds digit of (-126)/120*-188 + 4/(-10)?
1
Suppose 15 = 5*m - 0. Suppose -2*a = m*a - 45. What is the units digit of a?
9
Let w be 0/2 + 3/1. Let v(l) = -l**3 - 2*l**2 + 2*l - 1. Let m be v(-3). Suppose -w*x + 10 = 2*c, 5*x - 3*c - 6 = -m. What is the units digit of x?
2
Let f = -6 - -8. What is the units digit of (-22 + 7)*f/(-6)?
5
Let b(u) = -24*u**3 - 3*u**2 -